{"id":70,"date":"2022-05-19T10:27:51","date_gmt":"2022-05-19T13:27:51","guid":{"rendered":"https:\/\/www.vectrawork.com.br\/blog\/?page_id=70"},"modified":"2022-06-21T17:28:46","modified_gmt":"2022-06-21T20:28:46","slug":"downloads","status":"publish","type":"page","link":"https:\/\/www.vectrawork.com.br\/blog\/downloads\/","title":{"rendered":"Downloads"},"content":{"rendered":"<p>[vc_row top_padding=&#8221;40&#8243;][vc_column width=&#8221;1\/1&#8243;][minti_headline size=&#8221;fontsize-xxxl&#8221; weight=&#8221;fontweight-500&#8243; align=&#8221;align-left&#8221;]MATERIAIS PARA DOWNLOAD[\/minti_headline][minti_headline type=&#8221;div&#8221; align=&#8221;align-left&#8221;]Lorem ipsum dolor sit amet, consectetur adipiscing elit, sed do eiusmod tempor incididunt ut labore et dolore magna aliqua. Ut enim ad minim veniam, quis nostrud exercitation ullamco laboris nisi ut aliquip ex ea commodo consequat. Duis aute irure dolor in reprehenderit in voluptate velit esse cillum dolore eu fugiat nulla pariatur. Excepteur sint occaecat cupidatat non proident, sunt in culpa qui officia deserunt mollit anim id est laborum.[\/minti_headline][\/vc_column][\/vc_row][vc_row bottom_padding=&#8221;40&#8243;][vc_column width=&#8221;1\/1&#8243;][minti_headline type=&#8221;div&#8221; size=&#8221;fontsize-m&#8221; weight=&#8221;fontweight-500&#8243; align=&#8221;align-left&#8221;]Ferramentas Digitais[\/minti_headline][minti_button link=&#8221;https:\/\/www.vectrawork.com.br\/blog\/wp-content\/uploads\/2022\/05\/PDF-teste.pdf&#8221; color=&#8221;color-3&#8243; size=&#8221;large&#8221;]Download de Ferramentas[\/minti_button][minti_button link=&#8221;https:\/\/www.vectrawork.com.br\/blog\/wp-content\/uploads\/2022\/05\/PDF-teste.pdf&#8221; color=&#8221;color-2&#8243; size=&#8221;large&#8221;]Download de Boas Pr\u00e1ticas[\/minti_button][\/vc_column][\/vc_row][vc_row type=&#8221;full_width_section&#8221; bg_image=&#8221;73&#8243; parallax_bg=&#8221;true&#8221; top_padding=&#8221;175&#8243; bottom_padding=&#8221;175&#8243;][vc_column width=&#8221;1\/1&#8243;][\/vc_column][\/vc_row]<\/p>\n","protected":false},"excerpt":{"rendered":"<p>[vc_row top_padding=&#8221;40&#8243;][vc_column width=&#8221;1\/1&#8243;][minti_headline size=&#8221;fontsize-xxxl&#8221; weight=&#8221;fontweight-500&#8243; align=&#8221;align-left&#8221;]MATERIAIS PARA DOWNLOAD[\/minti_headline][minti_headline type=&#8221;div&#8221; align=&#8221;align-left&#8221;]Lorem ipsum dolor sit amet, consectetur adipiscing elit, sed do eiusmod tempor incididunt ut labore et dolore magna aliqua. Ut enim ad minim veniam, quis nostrud exercitation ullamco laboris nisi ut aliquip ex ea commodo consequat. Duis aute irure dolor in reprehenderit in voluptate velit esse [&hellip;]<\/p>\n","protected":false},"author":1,"featured_media":0,"parent":0,"menu_order":0,"comment_status":"closed","ping_status":"closed","template":"","meta":{"footnotes":""},"class_list":["post-70","page","type-page","status-publish","hentry"],"yoast_head":"<!-- This site is optimized with the Yoast SEO plugin v27.3 - https:\/\/yoast.com\/product\/yoast-seo-wordpress\/ -->\n<title>Downloads - Blog Vectra Work | Vestimentas de Prote\u00e7\u00e3o<\/title>\n<meta name=\"description\" content=\"H\u00e1 mais de 25 anos que a Vectra Work atua nos segmentos de Uniformes Profissionais e Vestimentas de Prote\u00e7\u00e3o.\" \/>\n<meta name=\"robots\" content=\"index, follow, max-snippet:-1, max-image-preview:large, max-video-preview:-1\" \/>\n<link rel=\"canonical\" href=\"https:\/\/www.vectrawork.com.br\/blog\/downloads\/\" \/>\n<meta property=\"og:locale\" content=\"pt_BR\" \/>\n<meta property=\"og:type\" content=\"article\" \/>\n<meta property=\"og:title\" content=\"Downloads - Blog Vectra Work | Vestimentas de Prote\u00e7\u00e3o\" \/>\n<meta property=\"og:description\" content=\"H\u00e1 mais de 25 anos que a Vectra Work atua nos segmentos de Uniformes Profissionais e Vestimentas de Prote\u00e7\u00e3o.\" \/>\n<meta property=\"og:url\" content=\"https:\/\/www.vectrawork.com.br\/blog\/downloads\/\" \/>\n<meta property=\"og:site_name\" content=\"Blog Vectra Work\" \/>\n<meta property=\"article:modified_time\" content=\"2022-06-21T20:28:46+00:00\" \/>\n<meta name=\"twitter:card\" content=\"summary_large_image\" \/>\n<meta name=\"twitter:label1\" content=\"Est. tempo de leitura\" \/>\n\t<meta name=\"twitter:data1\" content=\"1 minuto\" \/>\n<script type=\"application\/ld+json\" class=\"yoast-schema-graph\">{\"@context\":\"https:\\\/\\\/schema.org\",\"@graph\":[{\"@type\":\"WebPage\",\"@id\":\"https:\\\/\\\/www.vectrawork.com.br\\\/blog\\\/downloads\\\/\",\"url\":\"https:\\\/\\\/www.vectrawork.com.br\\\/blog\\\/downloads\\\/\",\"name\":\"Downloads - Blog Vectra Work | Vestimentas de Prote\u00e7\u00e3o\",\"isPartOf\":{\"@id\":\"https:\\\/\\\/www.vectrawork.com.br\\\/blog\\\/#website\"},\"datePublished\":\"2022-05-19T13:27:51+00:00\",\"dateModified\":\"2022-06-21T20:28:46+00:00\",\"description\":\"H\u00e1 mais de 25 anos que a Vectra Work atua nos segmentos de Uniformes Profissionais e Vestimentas de Prote\u00e7\u00e3o.\",\"breadcrumb\":{\"@id\":\"https:\\\/\\\/www.vectrawork.com.br\\\/blog\\\/downloads\\\/#breadcrumb\"},\"inLanguage\":\"pt-BR\",\"potentialAction\":[{\"@type\":\"ReadAction\",\"target\":[\"https:\\\/\\\/www.vectrawork.com.br\\\/blog\\\/downloads\\\/\"]}]},{\"@type\":\"BreadcrumbList\",\"@id\":\"https:\\\/\\\/www.vectrawork.com.br\\\/blog\\\/downloads\\\/#breadcrumb\",\"itemListElement\":[{\"@type\":\"ListItem\",\"position\":1,\"name\":\"In\u00edcio\",\"item\":\"https:\\\/\\\/www.vectrawork.com.br\\\/blog\\\/\"},{\"@type\":\"ListItem\",\"position\":2,\"name\":\"Downloads\"}]},{\"@type\":\"WebSite\",\"@id\":\"https:\\\/\\\/www.vectrawork.com.br\\\/blog\\\/#website\",\"url\":\"https:\\\/\\\/www.vectrawork.com.br\\\/blog\\\/\",\"name\":\"Blog Vectra Work\",\"description\":\"Uniformes e Vestimentas de Prote\u00e7\u00e3o\",\"potentialAction\":[{\"@type\":\"SearchAction\",\"target\":{\"@type\":\"EntryPoint\",\"urlTemplate\":\"https:\\\/\\\/www.vectrawork.com.br\\\/blog\\\/?s={search_term_string}\"},\"query-input\":{\"@type\":\"PropertyValueSpecification\",\"valueRequired\":true,\"valueName\":\"search_term_string\"}}],\"inLanguage\":\"pt-BR\"}]}<\/script>\n<!-- \/ Yoast SEO plugin. -->","yoast_head_json":{"title":"Downloads - Blog Vectra Work | Vestimentas de Prote\u00e7\u00e3o","description":"H\u00e1 mais de 25 anos que a Vectra Work atua nos segmentos de Uniformes Profissionais e Vestimentas de Prote\u00e7\u00e3o.","robots":{"index":"index","follow":"follow","max-snippet":"max-snippet:-1","max-image-preview":"max-image-preview:large","max-video-preview":"max-video-preview:-1"},"canonical":"https:\/\/www.vectrawork.com.br\/blog\/downloads\/","og_locale":"pt_BR","og_type":"article","og_title":"Downloads - Blog Vectra Work | Vestimentas de Prote\u00e7\u00e3o","og_description":"H\u00e1 mais de 25 anos que a Vectra Work atua nos segmentos de Uniformes Profissionais e Vestimentas de Prote\u00e7\u00e3o.","og_url":"https:\/\/www.vectrawork.com.br\/blog\/downloads\/","og_site_name":"Blog Vectra Work","article_modified_time":"2022-06-21T20:28:46+00:00","twitter_card":"summary_large_image","twitter_misc":{"Est. tempo de leitura":"1 minuto"},"schema":{"@context":"https:\/\/schema.org","@graph":[{"@type":"WebPage","@id":"https:\/\/www.vectrawork.com.br\/blog\/downloads\/","url":"https:\/\/www.vectrawork.com.br\/blog\/downloads\/","name":"Downloads - Blog Vectra Work | Vestimentas de Prote\u00e7\u00e3o","isPartOf":{"@id":"https:\/\/www.vectrawork.com.br\/blog\/#website"},"datePublished":"2022-05-19T13:27:51+00:00","dateModified":"2022-06-21T20:28:46+00:00","description":"H\u00e1 mais de 25 anos que a Vectra Work atua nos segmentos de Uniformes Profissionais e Vestimentas de Prote\u00e7\u00e3o.","breadcrumb":{"@id":"https:\/\/www.vectrawork.com.br\/blog\/downloads\/#breadcrumb"},"inLanguage":"pt-BR","potentialAction":[{"@type":"ReadAction","target":["https:\/\/www.vectrawork.com.br\/blog\/downloads\/"]}]},{"@type":"BreadcrumbList","@id":"https:\/\/www.vectrawork.com.br\/blog\/downloads\/#breadcrumb","itemListElement":[{"@type":"ListItem","position":1,"name":"In\u00edcio","item":"https:\/\/www.vectrawork.com.br\/blog\/"},{"@type":"ListItem","position":2,"name":"Downloads"}]},{"@type":"WebSite","@id":"https:\/\/www.vectrawork.com.br\/blog\/#website","url":"https:\/\/www.vectrawork.com.br\/blog\/","name":"Blog Vectra Work","description":"Uniformes e Vestimentas de Prote\u00e7\u00e3o","potentialAction":[{"@type":"SearchAction","target":{"@type":"EntryPoint","urlTemplate":"https:\/\/www.vectrawork.com.br\/blog\/?s={search_term_string}"},"query-input":{"@type":"PropertyValueSpecification","valueRequired":true,"valueName":"search_term_string"}}],"inLanguage":"pt-BR"}]}},"_links":{"self":[{"href":"https:\/\/www.vectrawork.com.br\/blog\/wp-json\/wp\/v2\/pages\/70","targetHints":{"allow":["GET"]}}],"collection":[{"href":"https:\/\/www.vectrawork.com.br\/blog\/wp-json\/wp\/v2\/pages"}],"about":[{"href":"https:\/\/www.vectrawork.com.br\/blog\/wp-json\/wp\/v2\/types\/page"}],"author":[{"embeddable":true,"href":"https:\/\/www.vectrawork.com.br\/blog\/wp-json\/wp\/v2\/users\/1"}],"replies":[{"embeddable":true,"href":"https:\/\/www.vectrawork.com.br\/blog\/wp-json\/wp\/v2\/comments?post=70"}],"version-history":[{"count":4,"href":"https:\/\/www.vectrawork.com.br\/blog\/wp-json\/wp\/v2\/pages\/70\/revisions"}],"predecessor-version":[{"id":80,"href":"https:\/\/www.vectrawork.com.br\/blog\/wp-json\/wp\/v2\/pages\/70\/revisions\/80"}],"wp:attachment":[{"href":"https:\/\/www.vectrawork.com.br\/blog\/wp-json\/wp\/v2\/media?parent=70"}],"curies":[{"name":"wp","href":"https:\/\/api.w.org\/{rel}","templated":true}]}}